 of (-2)/(-2)*(2 - i).
2, 5
Let z = -9 + 16. What are the prime factors of (-1 + 0 + 2)*z?
7
Let z(i) = -79*i + 11. List the prime factors of z(-2).
13
Suppose -2*g + 21 = g + 5*f, -3*g + 21 = -2*f. Suppose -4*c = -g*c + 9. What are the prime factors of c?
3
Let n = 40 + 0. Suppose 5*d - n = -0*d. Let c = -3 + d. What are the prime factors of c?
5
Let d(s) = -s**3 - 3*s**2 + 2. Let u be d(-3). Let h = 0 + u. What are the prime factors of h?
2
Suppose 0*l = 4*l - 2*m - 266, 148 = 2*l - 4*m. Suppose t + t - l = 0. Suppose -12 = 5*d - t. List the prime factors of d.
2
Let y = -2 - -4. Suppose -y*v + 2 + 2 = 0. Suppose -3*u + 6 = -v*i, -2 = -3*i + 2*u - 1. List the prime factors of i.
3
What are the prime factors of -9 - -5 - (-22 - -1)?
17
Let i be (88/(-12))/(6/(-9)). Let y(w) = i*w + 12*w**2 - 1 + 7*w**2 - 9*w. What are the prime factors of y(1)?
2, 5
Let o(z) = -z**3 - 6*z**2 - 8*z - 7. What are the prime factors of o(-6)?
41
Let p(h) = h**2 + 4*h + 3. Let s be p(-2). Let d(x) = -26*x**3 - 2*x**2 - x. List the prime factors of d(s).
5
Let z = -29 + 17. Let v = -4 - z. List the prime factors of v.
2
Let l be (2 + 10/(-6))*39. Suppose l = 2*q - 9. What are the prime factors of q?
11
Let d = 3 + -3. Suppose -q + 14 + 4 = d. Let r = q - 2. What are the prime factors of r?
2
Suppose 0 = 3*o + 2*o - 10. Suppose -4*t + 44 = -o*v - 30, -5*t = -2*v - 92. List the prime factors of t.
2, 3
Suppose -4*d + 88 = -2*d. Suppose -g - 5 = -d. List the prime factors of g.
3, 13
Suppose -6*q + 21 = -5*q. List the prime factors of q.
3, 7
Let a(b) = -b + 1 - 1 + 6*b**2. Let v be a(-3). List the prime factors of 2/(-6) - v/(-9).
2, 3
Let x(i) = i**3 + 4*i**2 - 5*i + 2. Let r be x(-5). Let b(a) = 2*a - 1. Let w be b(r). Suppose 11 = -2*k + w*k. List the prime factors of k.
11
Let u(s) = -s**3 - s - 1. Let q(r) = r**3 + 3*r + 4. Let k(m) = -m**2 + 6*m + 1. Let n be k(6). Let g(i) = n*q(i) + 3*u(i). List the prime factors of g(-1).
3
Let y(i) = -6*i + 0*i - 6*i. What are the prime factors of y(-1)?
2, 3
Let p = 2 + -4. Let u be p*(-2)/(-4) - -6. Suppose 0 - 22 = -3*w - u*k, -4*w + 6 = -5*k. List the prime factors of w.
2
Suppose -3*k - 5 = -5*d, -d - 4*d + k + 5 = 0. Let z be (-4)/(-14) - 10/(-14). What are the prime factors of (z + d)/((-10)/(-25))?
5
Let z(i) = i**3 + 6*i**2 + 3*i - 2. List the prime factors of z(-4).
2, 3
Let c(w) = -w**3 - 6*w**2 + 2*w - 7. List the prime factors of c(-7).
2, 7
Suppose -4*x + 19 = -5*d, d + 21 = -4*x - 2. Let s(n) = -n - 5 + 5 + 1 + 1. What are the prime factors of s(d)?
3
Let f = 443 + -779. List the prime factors of f/(-10) + 27/(-45).
3, 11
Suppose -5 = -j + 5. Let o = 14 - j. List the prime factors of o.
2
Let h(s) = s**3 - s**2 - s + 1. Let t be h(1). Suppose t = -3*u - 9 + 3. List the prime factors of 1 + u + 3 + 10.
2, 3
Suppose 4*j = -j. Let g = -14 + 24. Let d = g + j. What are the prime factors of d?
2, 5
Let a(g) = -33*g - 26. List the prime factors of a(-4).
2, 53
Let t = -10 - -14. Suppose -t*r + 3*r + 55 = 0. Let w = r - 38. List the prime factors of w.
17
Suppose 3*l = -a - l + 9, 5*a + 5*l = 60. Suppose a = 4*o + 1. Suppose -3*b = -o*i + b + 10, 5*i = -4*b + 70. List the prime factors of i.
2, 5
Let b be 170/15*9/2. What are the prime factors of b*(0 - (-2)/3)?
2, 17
Suppose 0 = -3*i + 7 + 11. List the prime factors of i.
2, 3
Suppose -2 = 4*w + 2*j, -2*w + 5*w = 2*j + 16. List the prime factors of -4 + 36 + -1 + w.
3, 11
Let h(s) = 89*s**3 + s**2 - 1. Let c be h(-1). Let a be c/(-2) - 3/6. Suppose -a + 16 = -4*b. List the prime factors of b.
7
Let g be 2 + -5 - (-1 + -116). Suppose v - 3*v = 2*q - g, 5*v - q - 267 = 0. What are the prime factors of v?
2, 3
Let j = 187 - 90. What are the prime factors of j?
97
Let s = 95 + -31. Suppose -s = -5*a - 9. List the prime factors of a.
11
Let k be 5 + -7 - -4*2. Suppose -4*f = 4*u - 4, -2*u + 10 = 3*f - k*u. List the prime factors of f.
2
Let p be (-8)/(2/10*-1). Let x = 63 + -89. Let f = x + p. What are the prime factors of f?
2, 7
Let q = 110 + -78. List the prime factors of q.
2
Suppose 10 = -0*r + 2*r. Suppose -r*j = 4*z - 143, -51 = -3*z + j + 42. Suppose -z - 16 = -4*t. List the prime factors of t.
2, 3
Let w(d) = -1 - 2*d - 6 - 1 + 4*d. Let m = -4 + 11. List the prime factors of w(m).
2, 3
Suppose 5*z + 5 - 75 = 0. What are the prime factors of z?
2, 7
Let v(t) = 4*t**3 + 3*t**2 + 2*t + 2. Let z be v(-2). What are the prime factors of z/(-3) - 2/(-3)?
2
Let d(k) = k**2 + 9*k + 10. Let w = -25 - -15. List the prime factors of d(w).
2, 5
Suppose 2*o - 15 = 1. What are the prime factors of o?
2
Suppose 800 = -0*q + 10*q. What are the prime factors of q?
2, 5
Let m(z) = z - 5. Let b be m(-5). Suppose 8 = -4*l - 4. Let c = l - b. List the prime factors of c.
7
Suppose 12 = -4*k, -60 = -t - 0*k - k. List the prime factors of t.
3, 7
Let d(q) = -q**3 + 2*q**2 - 1. Let x be d(-1). Suppose 32 = 6*g - x*g + 4*h, -5*g - 3*h = -36. What are the prime factors of g/(-1)*(-2)/3?
2
Let q(v) = v**2 - v - 4. Let h be q(-8). What are the prime factors of h/10 + (-1)/(-5)?
7
Suppose 26*r = 25*r + 186. List the prime factors of r.
2, 3, 31
Suppose -2*u = 4*r - 18, -5*r - u + 18 + 9 = 0. Suppose 4*i - 2*g - r = 54, 0 = 4*i + 3*g - 50. List the prime factors of i.
2, 7
Let j = 2 - 0. Let g(k) = 11*k**2 - 2*k - 2. Let b be g(j). Suppose 2*v - b = -4*x + 4*v, 29 = 3*x - 2*v. What are the prime factors of x?
3
What are the prime factors of (280/(-15) + -4)*-3?
2, 17
Let g = 19 - 25. Let p(l) = -5*l - 12. What are the prime factors of p(g)?
2, 3
Let j be (-1)/(-2) - (-2)/(-4). Suppose -2*v + 1 = -2*l - v, -4*l - 4*v - 32 = j. List the prime factors of (-16)/((-3)/(0 - l)).
2
Let q(f) = f + 9. Let u be q(-5). Let t = 9 - u. Suppose -t*s = -38 - 2. List the prime factors of s.
2
Let n(x) = x**2 + 7*x + 6. Suppose -4*z = -9*z - 30. Let a be n(z). Suppose a*o = 3*g - 3*o - 12, -2*g = -5*o - 8. What are the prime factors of g?
2
Suppose -6*d = -5*d. Suppose -5*y + 2 - 7 = d. List the prime factors of (-12)/((-6)/(-2))*y.
2
Let j be -2 - 48 - -1*1. Let v = 69 + j. Suppose -2*b + c - 6 = -v, -4*b = 3*c - 8. What are the prime factors of b?
5
Let t(h) be the third derivative of -h**7/5040 + h**6/360 - h**5/20 - 2*h**2. Let v(r) be the third derivative of t(r). List the prime factors of v(-7).
3
Let b = -15 + 11. Let d(r) = r**2 - r + 5. What are the prime factors of d(b)?
5
Let t(x) = 5*x**2 + 4*x + 7. What are the prime factors of t(6)?
211
Let r(f) be the first derivative of f**4/4 + 8*f**3/3 + 3*f**2 + 4*f + 3. List the prime factors of r(-7).
11
Let j(p) = 9*p**2 - p**3 - 8 + p**2 + 1 + 0*p**2 + 2*p. What are the prime factors of j(10)?
13
Let h = 14 + -9. Suppose -h*i + 84 + 6 = 0. Let o = i - 10. What are the prime factors of o?
2
Let x = 4 - -50. Suppose -17 = -3*u + 3*n + 10, -4*u = 2*n - x. What are the prime factors of u?
2, 3
Suppose -3*x = x - 20, s + 17 = 5*x. Let b(z) = 4*z - 3*z - 1 + s. List the prime factors of b(0).
7
Suppose 2*u - 330 = -5*o, -2*o = 4*u + 29 - 145. What are the prime factors of o?
2, 17
Let m = 13 - 19. Let f(s) = -s - 4. List the prime factors of f(m).
2
Let u = 1 + 4. Suppose 2*b + 0*z = u*z, -4*b - 2*z = -48. List the prime factors of b.
2, 5
Let w = 2 - -2. Suppose w*h - 49 = -17. What are the prime factors of ((-10)/(-4))/(2/h)?
2, 5
Let i be (-22 - -3 - -2)/(-1). Let p be (-2 - -4) + (11 - 1). Let o = i - p. What are the prime factors of o?
5
Let a = -7 + -4. Let i = 21 + a. List the prime factors of i.
2, 5
Let p = -33 + 61. Let v(s) = -s + 8. Let g be v(6). Suppose 2*z = -g*z + p. What are the prime factors of z?
7
Let u(x) = 2*x - 4. Let b be u(4). Suppose -85 = -3*p - 5*z, -4*z + 3*z - 144 = -b*p. Suppose 0*g + p = 5*g. What are the prime factors of g?
7
Let n be -6*(-7 + 0 - -3). Suppose 2*p + y = 9, -4*y + n = 6*p - p. Suppose 5*m - 57 = -p*q, m + 0*m = 2*q + 17. List the prime factors of m.
13
List the prime factors of 37/1*(-19)/(-19).
37
Suppose -16 = -4*q, m + 2*m - 35 = q. What are the prime factors of m?
13
Let n = -16 + 31. What are the prime factors of n*-6*(-2)/10?
2, 3
Let z(f) be the first derivative of -f**2/2 - 5*f + 1. Let b be z(-7). Suppose 6*r - b*r = 24. What are the prime factors of r?
2, 3
Let k be (0/(-1 + -1))/(-2). Let n = 0